= -3*u + a. What are the prime factors of u?
157
What are the prime factors of 3164/48 + 16/192?
2, 3, 11
Let i = 101 + -80. Suppose n + u - 1 = 0, 5*n - 5*u + 6 = i. What are the prime factors of n?
2
Let d(s) = 6*s - 156. Let g be d(38). Suppose 3 = y - 0. Suppose y*j - g - 60 = 0. List the prime factors of j.
2, 11
Suppose -3 = c - u, 2*c + 8 = 4*u - 4. Suppose -15*g + 18*g - 45 = c. List the prime factors of g.
3, 5
Let y(s) = s**2 + 14*s - 8. Let l = 6 + -3. Let w(q) = 2*q**2 + 14*q - 8. Let a(g) = l*y(g) - 2*w(g). What are the prime factors of a(7)?
41
Suppose 5*f = 5*v + 400, -4*v + 51 + 49 = f. List the prime factors of f.
2, 3, 7
Suppose q + 4*o = 16, -10 - 3 = -q - 3*o. Suppose 3*v + 2*a = 5*v - 332, 688 = q*v + 4*a. What are the prime factors of v?
13
Suppose -n - 6*n - 21 = 0. What are the prime factors of (-87)/(n + 0) + -1?
2, 7
Suppose 4*o + 24*o = 12656. List the prime factors of o.
2, 113
Let g(n) = n**3 - 15*n**2 - 17*n + 13. Let b be g(16). Let k(m) = -3*m**3 + 3*m**2 + 2*m + 5. What are the prime factors of k(b)?
107
Suppose 0*m + 5*m = 5*w + 30, 0 = 4*w + 12. Let b be (9/m - 6) + 46. Let a = b + -15. What are the prime factors of a?
2, 7
Let p(n) = -3 - 4*n + 5 + 5 - n**3 + 5*n. Let u be p(0). Let f = 10 - u. List the prime factors of f.
3
Let r(x) = -x**3 + 4*x**2 + 7*x - 7. Let g = -39 + 44. Let h be r(g). Suppose h*n = 81 + 78. List the prime factors of n.
53
Suppose 6*x = i + 10*x - 303, 3*i - 885 = -4*x. List the prime factors of i.
3, 97
Suppose v = 2*v + 11. List the prime factors of (0 - v)*(8 - 7).
11
Suppose -4*x = 4*p - 8, 0*x + 25 = -5*x + 2*p. Let w(c) = -17*c + 7. List the prime factors of w(x).
2, 29
Suppose -2*m = 2, -3*m - 15 + 0 = -3*c. Suppose -c*h - 8 = 3*i, 4*i + 0*h = -5*h - 11. What are the prime factors of i + -44*(-2)/4?
2, 3
Let a(k) = -k**3 - 3*k**2 - 4*k - 4. Suppose x = -3 + 7. Suppose d + x*v = -11, 7*d + 14 = 3*d - v. List the prime factors of a(d).
2
Let p = 9 - -21. Let r = 21 + p. What are the prime factors of r?
3, 17
Let i = -15 + 11. Let y be (-10)/i + (-19)/38. Suppose 5*s + 89 + 15 = 3*c, 5*s = y*c - 61. What are the prime factors of c?
43
Let d(y) = y**2 - 7*y + 6. Let s be d(4). Let v be 76/s + (-8)/6. What are the prime factors of v*((-9)/(-21) - 3)?
2, 3
Suppose 0 = -3*p + p + 22. Suppose -10*b = -p*b + 96. What are the prime factors of b?
2, 3
Let a = 923 - 742. List the prime factors of a.
181
Let l = -9 + 13. Let h = 5 - 2. Suppose 5*a + h*f - l = 0, 7 - 1 = 5*a + 2*f. List the prime factors of a.
2
Suppose m = -3*s + 1880, -5*s = -6*s + 5*m + 616. What are the prime factors of s?
2, 313
Suppose -3*o + 497 = 4*w, w = -w + 4*o + 254. Suppose -5*g + w + 490 = 0. What are the prime factors of g?
3, 41
Let m(f) = 6*f - 58. What are the prime factors of m(15)?
2
Suppose 4*q - 4 = 3*q. Suppose -k = -5*g - 16 - q, 0 = -3*k - g + 108. Suppose k = 5*p - 0*p. List the prime factors of p.
7
Suppose 17*d - 2699 - 769 = 0. Suppose 0 = 200*j - d*j + 380. List the prime factors of j.
5, 19
Suppose -2*p - 36 = -w + 2, 8 = 4*w. Suppose 5*m + 132 = -3*b - 61, 0 = 5*b - 20. Let f = p - m. What are the prime factors of f?
23
Let q(c) = c**3 - 5*c**2 + 7*c - 9. Let m be q(6). Let d = m + -39. List the prime factors of d.
2, 3, 5
Let i = 16 + -47. Let w = i + 38. Let k = 14 - w. What are the prime factors of k?
7
Let f = 23 + -11. Suppose 4*y + f = 0, -y + 4*y + 93 = 2*u. What are the prime factors of u?
2, 3, 7
Suppose -3209 = -9*w + 1804. List the prime factors of w.
557
Let l = -10 + 10. Suppose 33 = 3*r - l*r. Suppose r = 2*z - 69. List the prime factors of z.
2, 5
Let a(q) = 2*q**3 - 3*q**2 - 3*q + 5. Let i be a(2). Suppose -i*h + n + 311 = 0, h = -0*h - 3*n + 87. Let w = h + -52. What are the prime factors of w?
2, 5
Let o be ((-616)/(-5))/((-36)/(-180)). Suppose -2*v + o = 4*f, -3*f - v + 773 = 2*f. List the prime factors of f.
5, 31
Suppose 0 = -3*b + 4*b + 5, -5*y = 5*b + 65. Let p(o) = o**3 + 9*o**2 - 2. List the prime factors of p(y).
2, 31
Let h = -145 - -1962. What are the prime factors of h?
23, 79
Let v = -23 + 29. Let i = v - 40. List the prime factors of (5 + -2)/3 - i.
5, 7
Let j be 2/(-9) - (-672)/108. Let q be (-4)/j - (-130)/15. List the prime factors of 29 + (2 - (q - 4)).
3
Let t(w) = w - 3. Let f be t(-6). Let b(o) = o**2 - o. Let l(j) = 5*j**2 - 4*j + 1. Let s(a) = f*b(a) + 2*l(a). List the prime factors of s(0).
2
Let u(y) = -y**2 + 11*y + 14. Suppose -16 - 8 = -2*j. Let m be u(j). Suppose m = -w + 9. What are the prime factors of w?
7
Let z be 262 - (-8)/(-4*1). Suppose 91 = -2*j + 3*b + 7, 5*j + 5*b = -z. List the prime factors of j/(-9)*(-9)/(-2).
2, 3
Suppose -17*h + 2*h = -13740. What are the prime factors of h?
2, 229
Let a be (3 - (-18)/(-3))*-1. Let f(m) = 22*m + 10. What are the prime factors of f(a)?
2, 19
Suppose -6 = 8*q - 11*q. Suppose -q*j + 200 = 3*j. Suppose -4*n - 4*n + j = 0. List the prime factors of n.
5
Suppose 5*p - 9*p + 624 = 0. Let t = p - 18. What are the prime factors of t?
2, 3, 23
Let t(i) = -34*i - 25. Let r(x) = 34*x + 26. Let d(k) = -6*r(k) - 5*t(k). List the prime factors of d(-5).
139
Suppose -35139 + 12867 = -24*b. List the prime factors of b.
2, 29
Let o(x) = -229*x + 60. What are the prime factors of o(-4)?
2, 61
Let y be 6/9 - (-26)/6. Let n be -22*614*y/(-20). What are the prime factors of 6/10 + n/55?
2, 31
Let f be 6/9 + 181/3. Suppose 3*t + 3*u + 27 = -0*u, u - f = 4*t. What are the prime factors of (1 - 3)/(t/77)?
11
Suppose -4*c - 2*p + 530 = 0, -c + 205 - 60 = 3*p. What are the prime factors of c?
2, 5, 13
Let m(j) = 2*j - 4 - 5*j + 0*j**3 - j**3 + 5*j - 2*j**2. List the prime factors of m(-4).
2, 5
Suppose -513*i = -525*i + 28200. What are the prime factors of i?
2, 5, 47
What are the prime factors of (8544/(-14))/((-92)/322)?
2, 3, 89
Let b = -1319 - -1789. What are the prime factors of b?
2, 5, 47
Let r(b) = b**3 + 10*b**2 + 3*b**3 + 3*b + 15 - 5*b**3. List the prime factors of r(10).
3, 5
Let s(z) = 3*z - 4. Let j(d) = -2*d - 2. Let y be j(-2). Let p be s(y). Suppose -42 = -5*w + p*w. List the prime factors of w.
2, 7
Suppose 0 = 3*z - 4*h + 13, 4*h - 5 = -1. What are the prime factors of (54/21)/(4/((-112)/z))?
2, 3
Suppose 7719 = 3*q + 2892. List the prime factors of q.
1609
Let j = -1 + 27. Let l = -5 - j. Let x = l + 68. What are the prime factors of x?
37
Let q(n) = n**3 - 8*n**2 - 9*n + 1. Let u be q(9). Let o be u/(0 - -1) + -9. List the prime factors of o/(-6)*216/16.
2, 3
Let x(q) = q + 17. Let v be x(-5). Let t = 75 - v. What are the prime factors of t?
3, 7
Suppose -4*o - 2452 = -3*q, -o + 2268 + 976 = 4*q. What are the prime factors of q?
2, 7, 29
Let x = 60 - 50. Let c = x - -9. List the prime factors of c.
19
Suppose 4*w - 2*w + 5*q - 5454 = 0, 0 = 2*w - 3*q - 5486. What are the prime factors of w?
7, 17, 23
Let v(k) = k**3 + 18*k**2 + 17*k + 15. List the prime factors of v(-14).
3, 11, 17
Let p be 0*((-5)/20 - 0). Suppose -5*y + 115 = -5*d, 2*y - d - 43 = -p*y. What are the prime factors of y?
2, 5
Let t(k) = 2*k**3 - 5*k**2 + k - 11. Let d be t(5). Let w = -70 + d. List the prime factors of w.
7
Suppose -115*r + 5070 = -109*r. List the prime factors of r.
5, 13
Let y be (-21)/(-6)*2/(-1). Let g(a) = -a - 2. Let s be g(y). Suppose -3*v = -s*v + 52. What are the prime factors of v?
2, 13
Let w(d) be the third derivative of d**5/30 - 7*d**4/24 - 17*d**3/6 - 5*d**2. Let r be w(-9). Suppose r = 6*g - 2*g. What are the prime factors of g?
2, 13
Suppose -17 - 8 = 5*f. Suppose 94*d - 86*d - 320 = 0. What are the prime factors of d/3*(-12)/f?
2
Suppose 10335 = 28*c - 13*c. What are the prime factors of c?
13, 53
Let o = -463 + 1022. Suppose 5*z - o + 94 = 0. List the prime factors of z.
3, 31
Suppose 2*f - 3*f + 196 = 0. List the prime factors of f.
2, 7
Suppose -3 + 1 = s. Let q be (-116 - s)*(2 + -3). Suppose q = 5*o + 3*g - 4, -5*g = 20. List the prime factors of o.
2, 13
Suppose -2*h + 194 = 4*l, -3*l - 2*h + 119 = -26. Let u = l + -35. What are the prime factors of u?
2, 7
Suppose 5*p + 5 = 6*p. Suppose -4*y - 72 = 2*b, -2*b + p*y - 210 = 3*b. Let r = b + 57. List the prime factors of r.
17
List the prime factors of (-469 - 2)*(-4)/(-8)*-2.
3, 157
Suppose n + 642 = -w - 1218, -n + 4*w = 1860. List the prime f